e 13
106
6b1 (base 12) to base 5
12442
What is 7d (base 14) in base 13?
87
What is -4d7 (base 14) in base 10?
-973
-1201 (base 3) to base 5
-141
What is 3130333 (base 4) in base 14?
5223
-564 (base 11) to base 2
-1010100011
1853 (base 13) to base 3
11221222
Convert -3c6 (base 13) to base 2.
-1010011101
Convert 3ab1 (base 15) to base 14.
47db
10010000111 (base 2) to base 15
524
Convert -10511 (base 7) to base 11.
-1aa3
What is 1a (base 15) in base 7?
34
-3abb (base 16) to base 9
-22555
Convert -1212211 (base 3) to base 11.
-1038
What is -71 (base 12) in base 15?
-5a
What is -428 (base 12) in base 13?
-37a
-9a18 (base 11) to base 4
-3032120
Convert -12052 (base 7) to base 4.
-300310
Convert -24512 (base 7) to base 2.
-1100100011100
252 (base 7) to base 5
1020
What is -28ab (base 13) in base 5?
-142022
What is 2000 (base 7) in base 16?
2ae
177c (base 14) to base 4
1002002
What is -6422 (base 8) in base 5?
-101341
-212322 (base 4) to base 2
-100110111010
Convert 90 (base 16) to base 6.
400
What is -89 (base 12) in base 2?
-1101001
b664 (base 12) to base 9
30324
Convert 1022323 (base 4) to base 12.
2937
Convert -13100 (base 4) to base 12.
-328
Convert -109 (base 15) to base 6.
-1030
What is 111111001101 (base 2) in base 12?
2411
Convert -1c43 (base 15) to base 7.
-23616
11211 (base 3) to base 11
109
111010111001001 (base 2) to base 13
10956
13316 (base 9) to base 12
5266
What is a762 (base 13) in base 3?
1011212111
Convert -2232 (base 8) to base 15.
-538
Convert 11212021 (base 3) to base 10.
3544
What is 103 (base 14) in base 15?
d4
Convert 1202100002 (base 3) to base 5.
2101013
ed0c (base 16) to base 14
18188
56353 (base 7) to base 9
21481
168d (base 15) to base 16
12fa
What is 757 (base 8) in base 3?
200100
Convert -722a (base 15) to base 9.
-36064
92 (base 15) to base 5
1022
Convert -22071 (base 8) to base 4.
-2100321
1240020 (base 5) to base 8
57501
-38d (base 15) to base 5
-11213
Convert 4841 (base 16) to base 5.
1042442
What is 1d6 (base 14) in base 9?
466
What is -2220321 (base 4) in base 7?
-43341
Convert -2744 (base 13) to base 14.
-20a5
Convert -33265 (base 10) to base 9.
-50561
What is 15764 (base 8) in base 3?
100211001
-110100100101 (base 2) to base 16
-d25
What is -1440330 (base 5) in base 11?
-21093
Convert 47324 (base 10) to base 8.
134334
Convert -2401 (base 13) to base 12.
-2b27
What is 2df (base 16) in base 9?
1006
What is -5006 (base 10) in base 13?
-2381
What is -383 (base 14) in base 10?
-703
Convert -3463 (base 15) to base 10.
-11118
Convert ad6 (base 16) to base 13.
1355
What is -492 (base 14) in base 12?
-640
What is -383 (base 15) in base 4?
-30132
What is 311 (base 12) in base 13?
283
What is -13b5 (base 16) in base 5?
-130140
-3b75 (base 14) to base 2
-10100011111011
-10143 (base 5) to base 10
-673
Convert -1111 (base 2) to base 4.
-33
Convert 440 (base 10) to base 5.
3230
Convert 6aa (base 12) to base 2.
1111100010
Convert -100101010 (base 2) to base 12.
-20a
Convert 208 (base 9) to base 2.
10101010
Convert -44638 (base 11) to base 15.
-14255
Convert a372 (base 15) to base 4.
20123210
Convert -1a2 (base 12) to base 3.
-100212
-3636 (base 7) to base 16
-546
Convert 605 (base 13) to base 5.
13034
Convert 41ab (base 14) to base 7.
45004
What is -1210233 (base 4) in base 3?
-22211210
Convert -28b (base 14) to base 12.
-36b
-234420 (base 5) to base 2
-10001000011111
Convert -316 (base 14) to base 5.
-4413
Convert -101110111011 (base 2) to base 14.
-1147
What is 213a (base 13) in base 8?
11004
What is 400 (base 13) in base 9?
831
What is -404 (base 7) in base 14?
-104
-162 (base 9) to base 11
-115
-244410 (base 6) to base 4
-11103312
Convert -b514 (base 12) to base 4.
-10310200
31352 (base 6) to base 8
10224
Convert 79cd (base 15) to base 10.
25843
Convert 120121 (base 3) to base 14.
221
What is -229 (base 11) in base 16?
-111
What is 82 (base 10) in base 12?
6a
What is -3c0 (base 16) in base 8?
-1700
What is -107 (base 13) in base 5?
-1201
586 (base 11) to base 9
856
What is 100111100111 (base 2) in base 11?
19a5
Convert -514531 (base 6) to base 8.
-120427
-201200202 (base 3) to base 9
-21622
What is -13017 (base 8) in base 16?
-160f
-21563 (base 11) to base 12
-16133
-33241 (base 7) to base 14
-3091
Convert -27463 (base 9) to base 3.
-221112010
-302030 (base 6) to base 2
-101110011100010
Convert -1310044 (base 5) to base 13.
-b8a0
Convert -383 (base 12) to base 2.
-1000010011
Convert -253405 (base 6) to base 5.
-1212304
25a0 (base 13) to base 6
40505
Convert -53 (base 10) to base 3.
-1222
Convert -95e (base 15) to base 16.
-842
Convert -44e (base 15) to base 2.
-1111001110
Convert 20120112 (base 3) to base 9.
6515
22002211 (base 3) to base 13
28c6
102222 (base 4) to base 15
549
What is -394 (base 14) in base 3?
-222121
Convert -124 (base 13) to base 12.
-147
What is -15d9 (base 14) in base 15?
-1260
Convert 3326 (base 11) to base 12.
2654
21426 (base 7) to base 9
7316
2084 (base 13) to base 10
4502
-10413 (base 6) to base 5
-21244
Convert 1617 (base 9) to base 15.
571
What is -4552 (base 6) in base 15?
-4bb
What is 5002 (base 7) in base 8?
3265
What is -100101 (base 3) in base 7?
-511
52b (base 12) to base 10
755
185 (base 12) to base 16
f5
Convert -1166 (base 10) to base 4.
-102032
-56261 (base 7) to base 8
-33574
-533332 (base 6) to base 10
-43544
Convert -4373 (base 16) to base 4.
-10031303
-25e7 (base 15) to base 12
-4824
725 (base 11) to base 6
4014
What is -5a (base 11) in base 16?
-41
What is -34141 (base 6) in base 3?
-20121021
-33321 (base 4) to base 12
-709
What is 25447 (base 10) in base 3?
1021220111
What is 2122 (base 8) in base 14?
590
What is -10511 (base 6) in base 9?
-2027
Convert -376 (base 11) to base 8.
-676
What is 253 (base 12) in base 15?
186
-123302 (base 5) to base 2
-1001011011011
What is 24102 (base 5) in base 11?
1376
Convert -24755 (base 10) to base 12.
-123ab
Convert -10111010110 (base 2) to base 4.
-113112
What is -2a88 (base 15) in base 5?
-243003
155234 (base 6) to base 10
15430
Convert -2551 (base 11) to base 16.
-cfb
-628 (base 15) to base 12
-978
3786 (base 11) to base 16
1346
What is 200131 (base 4) in base 8?
4035
-1425 (base 7) to base 8
-1056
What is -71 (base 9) in base 16?
-40
-4100 (base 5) to base 11
-438
-22233323 (base 4) to base 12
-2158b
Convert 1bd5 (base 15) to base 7.
23432
What is 1412 (base 9) in base 5?
13224
What is -2da (base 15) in base 10?
-655
What is 2211 (base 3) in base 15?
51
6325 (base 12) to base 13
4c10
Convert 11124 (base 6) to base 4.
120130
Convert -302 (base 14) to base 6.
-2422
2637 (base 14) to base 3
100012122
Convert a13 (base 14) to base 11.
1538
What is 1252 (base 6) in base 12?
228
-110100100 (base 2) to base 14
-220
-170 (base 10) to base 6
-442
Convert -31365 (base 9) to base 15.
-620e
-2012132 (base 4) to base 7
-34043
Convert 2c04 (base 15) to base 14.
3634
What is -2023 (base 4) in base 7?
-256
3ecd (base 15) to base 12
7964
-1a17 (base 12) to base 6
-22431
What is 2235 (base 9) in base 14?
860
-1e9c (base 15) to base 2
-1101000010000
26828 (base 12) to base 16
cf20
Convert 176 (base 13) to base 2.
100001010
Convert 13110 (base 4) to base 16.
1d4
5a572 (base 11) to base 5
10242244
-101011000001001 (base 2) to base 4
-11120021
What is -10690 (base 14) in base 12?
-1ab9a
Convert -2b4 (base 16) to base 8.
-1264
What is 2333 (base 4) in base 2?
10111111
1541 (base 10) to base 12
a85
442 (base 11) to base 10
530
-432a (base 13) to base 16
-2473
Convert 79 (base 11) to base 15.
5b
What is 335 (base 7) in base 16?
ad
Convert 74 (base 11) to base 13.
63
Convert -1862b (base 13) to base 4.
-23201110
Convert 110111111101 (base 2) to base 10.
3581
Convert -3cc (base 14) to base 6.
-3320
What is -110010100 (base 2) in base 4?
-12110
What is -14414 (base 5) in base 7?
-3412
Convert -ca (base 16) to base 9.
-244
1136 (base 12) to base 2
11101111010
Convert 4739 (base 13) to base 6.
114215
31c5 (base 15) to base 9
15405
343203 (base 5) to base 11
9275
Convert 2330302 (base 4) to base 3.
121120111
-100011110011011 (base 2) to base 9
-27127
4110122 (base 5) to base 7
364154
Convert -a252 (base 11) to base 6.
-143001
-13430 (base 9) to base 8
-21613
What is 5 (base 16) in base 15?
5
What is 10002220 (base 3) in base 11?
177a
Convert 2430 (base 5) to base 1